{"id":14,"date":"2026-01-18T14:31:34","date_gmt":"2026-01-18T14:31:34","guid":{"rendered":"https:\/\/erturklersifre.xyz\/?page_id=14"},"modified":"2026-01-18T14:49:13","modified_gmt":"2026-01-18T14:49:13","slug":"iletisim","status":"publish","type":"page","link":"https:\/\/erturklersifre.xyz\/?page_id=14","title":{"rendered":"\u0130leti\u015fim"},"content":{"rendered":"\n<h2 class=\"wp-block-heading\">\u0130leti\u015fim<\/h2>\n\n\n\n<p>Cezaevi <strong>kont\u00f6r, dakika, PIN ve \u015fifre<\/strong> i\u015flemleriniz i\u00e7in bize h\u0131zl\u0131 ve g\u00fcvenli \u015fekilde ula\u015fabilirsiniz. Deneyimli ekibimiz, t\u00fcm i\u015flemlerinizi 7\/24 destek ile ger\u00e7ekle\u015ftirir.<\/p>\n\n\n\n<p>\ud83d\udcde <strong>WhatsApp &amp; Telefon:<\/strong> <strong>0535 668 74 22<\/strong><br>\ud83d\udd52 <strong>Hizmet Saatleri:<\/strong> 7\/24<br>\ud83d\udccd <strong>T\u00fcrkiye Geneli A\u00e7\u0131k &amp; Kapal\u0131 Cezaevleri<\/strong><\/p>\n\n\n\n<p>WhatsApp \u00fczerinden i\u015flem yapmak veya bilgi almak i\u00e7in hemen yazabilirsiniz. En k\u0131sa s\u00fcrede d\u00f6n\u00fc\u015f sa\u011flan\u0131r.<\/p>\n","protected":false},"excerpt":{"rendered":"<p>\u0130leti\u015fim Cezaevi kont\u00f6r, dakika, PIN ve \u015fifre i\u015flemleriniz i\u00e7in bize h\u0131zl\u0131 ve g\u00fcvenli \u015fekilde ula\u015fabilirsiniz. Deneyimli ekibimiz, t\u00fcm i\u015flemlerinizi 7\/24 destek ile ger\u00e7ekle\u015ftirir. \ud83d\udcde WhatsApp &amp; Telefon: 0535 668 74 22\ud83d\udd52 Hizmet Saatleri: 7\/24\ud83d\udccd T\u00fcrkiye Geneli A\u00e7\u0131k &amp; Kapal\u0131 Cezaevleri WhatsApp \u00fczerinden i\u015flem yapmak veya bilgi almak i\u00e7in hemen yazabilirsiniz. En k\u0131sa s\u00fcrede d\u00f6n\u00fc\u015f sa\u011flan\u0131r.<\/p>\n","protected":false},"author":1,"featured_media":0,"parent":0,"menu_order":0,"comment_status":"closed","ping_status":"closed","template":"","meta":{"footnotes":""},"class_list":["post-14","page","type-page","status-publish","hentry"],"_links":{"self":[{"href":"https:\/\/erturklersifre.xyz\/index.php?rest_route=\/wp\/v2\/pages\/14","targetHints":{"allow":["GET"]}}],"collection":[{"href":"https:\/\/erturklersifre.xyz\/index.php?rest_route=\/wp\/v2\/pages"}],"about":[{"href":"https:\/\/erturklersifre.xyz\/index.php?rest_route=\/wp\/v2\/types\/page"}],"author":[{"embeddable":true,"href":"https:\/\/erturklersifre.xyz\/index.php?rest_route=\/wp\/v2\/users\/1"}],"replies":[{"embeddable":true,"href":"https:\/\/erturklersifre.xyz\/index.php?rest_route=%2Fwp%2Fv2%2Fcomments&post=14"}],"version-history":[{"count":2,"href":"https:\/\/erturklersifre.xyz\/index.php?rest_route=\/wp\/v2\/pages\/14\/revisions"}],"predecessor-version":[{"id":49,"href":"https:\/\/erturklersifre.xyz\/index.php?rest_route=\/wp\/v2\/pages\/14\/revisions\/49"}],"wp:attachment":[{"href":"https:\/\/erturklersifre.xyz\/index.php?rest_route=%2Fwp%2Fv2%2Fmedia&parent=14"}],"curies":[{"name":"wp","href":"https:\/\/api.w.org\/{rel}","templated":true}]}}